+ 4*u**2 + 2*u - 3. Let p be n(-3). Let t = p - -11. List the prime factors of t.
11
Let w(s) = s**3 - 6*s**2 + 6*s - 3. What are the prime factors of w(6)?
3, 11
Let a(q) = q**3 + 9*q**2 + 8*q + 9. Suppose -3*j = -2*p + 4 + 28, 20 = -2*j + p. List the prime factors of a(j).
3
Let n = -4 - -25. What are the prime factors of n?
3, 7
Suppose 10 = j - 6*j. Let g = j + 6. Suppose -g = -o - o. List the prime factors of o.
2
Let w = -6 - -6. Suppose 5*a = -w*a + 4*v + 19, -a - 2 = 5*v. Suppose -a*o + 36 = -o - 2*z, -z = 3*o - 58. List the prime factors of o.
19
Let m be 345/8 - 5/40. Suppose 5*a - 12 - m = 0. What are the prime factors of a?
11
Suppose -45*g + 975 = -40*g. What are the prime factors of g?
3, 5, 13
Suppose 0 = -4*w - 4*z - 80, -w - z = 4*w + 104. What are the prime factors of 1/3 + (-119)/w?
2, 3
List the prime factors of (1 + -5)*344/(-16).
2, 43
Let v be (-1)/(4/(-2) + 3). Let x = 21 - v. List the prime factors of x.
2, 11
Suppose 4*k - 4*b - 26 - 10 = 0, 33 = 3*k - b. Let s = 17 - k. Suppose -5*q - x = -22 + s, 2*q + 5*x = 16. List the prime factors of q.
3
Let z = -8 + 12. Suppose -y - 3*p + 1 = -0*p, 3*y - 29 = z*p. List the prime factors of y.
7
Let b = 1 + 3. Suppose -7*a + 8 = -3*a. Suppose 56 = b*d - 2*t, 5*d + a*t = t + 70. What are the prime factors of d?
2, 7
Let p be 55 - 2/(1 + 1). Let q = p - 38. List the prime factors of q/6*(-3)/(-2).
2
Suppose -5*s + b = 44, -3*s = 4*b - 7 + 38. Let g(l) be the first derivative of -l**2 - 3*l - 4. List the prime factors of g(s).
3, 5
What are the prime factors of (-733)/(-15) - (-34)/255?
7
Let v = 15 + -1. Suppose 0 = 4*t - 54 - v. What are the prime factors of t?
17
Let s(y) = y**3 - 5*y**2 + y + 3. Let b be s(3). What are the prime factors of 52 - (-3)/(b/8)?
2, 5
Suppose -1 = -3*v + 119. What are the prime factors of v?
2, 5
Let o = -1 - 5. Let n = 8 - o. Let f = n + -7. List the prime factors of f.
7
Suppose 2*a + 325 = 7*a. What are the prime factors of a?
5, 13
Let y(b) be the first derivative of b**3/3 - b**2 - 2*b + 1. Suppose -2*i = i - 3*z, -4*i - 6 = -2*z. List the prime factors of y(i).
13
Suppose 28 = -0*t + 3*t - 5*q, 5*t = -2*q + 26. Suppose -27 = t*a - 3*a. What are the prime factors of (4 - -2)*(-21)/a?
2, 7
Suppose -2*j + 102 - 281 = -5*x, -4*j = 8. What are the prime factors of x?
5, 7
Suppose 0 = 7*c - 4*c - 276. Suppose -20 = 2*s - c. What are the prime factors of s?
2, 3
What are the prime factors of 3/(1 + -13) - 8463/(-28)?
2, 151
Let c = 15 - 12. List the prime factors of c.
3
Suppose 0 = b + 11*b - 1080. List the prime factors of b.
2, 3, 5
Let x be ((-2)/(-3))/((-5)/(-75)). Suppose 3*r - 2*h = 29 - x, -57 = -5*r - 3*h. List the prime factors of r.
3
Suppose 9*j - 7*j - 96 = 0. List the prime factors of j.
2, 3
Suppose d = -c - 0*d - 8, 0 = -4*c + d - 52. Let y = c - -21. List the prime factors of y.
3
Suppose 3*u + u - 16 = 0. Let j(b) = -5*b + 2. Let z be j(u). Let d = -9 - z. List the prime factors of d.
3
Let d = -15 - -30. Let j = -10 + d. Suppose 0 = j*y - 40 + 5. What are the prime factors of y?
7
Let d(y) = y**2 + 2*y - 4. Let b be d(-4). What are the prime factors of (-59)/(-3) + b/(-6)?
19
Let t = 3 - -1. Suppose 0 = -t*l - 3*y + 20, -12 = -l + 3*l - 4*y. Let s = l + 9. List the prime factors of s.
11
Suppose 4*y - 15 = -d - 3, -5*y - 2*d + 18 = 0. Suppose -7*p - 30 = -y*p. List the prime factors of ((-4)/p)/(2/51).
17
Suppose -5*h + 2 + 0 = 4*a, -5*h = -4*a - 18. Suppose h*v + 19 = -7. What are the prime factors of 3 - 4 - (v - -1)?
11
Let i(w) = w**3 - 9*w**2 + 19*w + 3. What are the prime factors of i(8)?
7, 13
Let x(s) = s**2 - s - 2. Let k be x(3). Suppose 9 = -5*y + 2*y. What are the prime factors of (-2)/k*(-17 + y)?
2, 5
Let g(x) = -1. Let s(o) = -o - 6. Let i(v) = -6*g(v) - s(v). Let y(m) = -3*m - 36. Let b(w) = -8*i(w) - 3*y(w). List the prime factors of b(9).
3, 7
Let m(g) = -13*g - 32. What are the prime factors of m(-22)?
2, 127
Let b be 32/10 + (-2)/10. Suppose -b*y + 42 = 3. List the prime factors of y.
13
Let l(r) = 3 + 8*r**2 + 7*r + r**3 + 0 + 3. List the prime factors of l(-7).
2, 3
Let i = -2 + 2. Suppose 5*x - 1 = -16, i = l - x - 4. List the prime factors of (10 + (2 - 3))/l.
3
Let u = 14 + -11. Suppose -3*c = -d - c + 2, 2*d = u*c + 4. What are the prime factors of d?
2
Suppose 5*g + 17 = -q, 0*g = -4*q - 5*g - 8. What are the prime factors of (-1)/(q/99*-1)?
3, 11
Suppose -5*h - 205 = -525. List the prime factors of h.
2
Suppose -j - c + 81 = -0*j, 4*c = -16. What are the prime factors of j?
5, 17
Suppose -3*f - 2*p = p + 27, -2*p = 4*f + 36. Let j be f*(-2 + 2/3). Let b = -1 + j. What are the prime factors of b?
11
Let s = -24 - -27. Suppose 3*h + 4*a - 139 = 0, h - 44 = -a + s. List the prime factors of h.
7
Let s(z) = 2*z**2 + 0*z + 3*z + 5*z - 4*z - z**3 + 1. List the prime factors of s(3).
2
Let q(u) = -u**3 - 2*u**2 + u + 2. Let r be q(-2). Suppose -4*h + 2*h + 10 = r. Suppose h*a + 32 = 97. What are the prime factors of a?
13
Let h(a) = -3*a**3 + 2*a**2 - 5*a. Let m(v) = -v**3 + v**2 - 2*v. Let z(d) = 2*h(d) - 7*m(d). List the prime factors of z(3).
2, 3
Let x(v) = 6*v**3 + v**2 - v. Let s be 2/5 + 12/20. Let m be x(s). Let k(f) = f - 1. List the prime factors of k(m).
5
Let o(z) = z**3 - 4*z**2 - z - 1. Let u be (-6)/(-15) + 36/10. Let p be o(u). Let t = p + 14. List the prime factors of t.
3
Let j = 91 + -62. List the prime factors of j.
29
Let m(g) be the first derivative of -g**4 + g**2 + g + 2. Let s be m(-1). Suppose s*b = 7*b, -5*b + 60 = 5*t. List the prime factors of t.
2, 3
Let v = -25 + 49. Suppose -5*d = 5*b - 125, -v = -2*d + 2*b + 34. List the prime factors of d.
3
Suppose d + 4*o + 13 = 0, 2*o + 2*o = -4*d - 4. Suppose 0 = -f + d*f - 8. Suppose t - 4 = -2*w - 2, f*t - 53 = w. What are the prime factors of t?
2, 3
List the prime factors of 3/12 + (-83)/(-4).
3, 7
Suppose 233 = 3*p + 29. What are the prime factors of p?
2, 17
Suppose 0 = -3*o + 12, 2*o - 28 = -4*g + o. Let r be ((-3)/2)/(g/(-8)). List the prime factors of 0/r + -3 + 5.
2
Let s = -2 + 4. Let a = s - -1. What are the prime factors of a*1/(2 + -1)?
3
Let k = 13 + -6. Let b(g) = -9*g - k*g + 2*g + 1. List the prime factors of b(-1).
3, 5
Suppose -388 = -4*l - d, -4*l + 295 = -3*d - 93. List the prime factors of l.
97
Let o(g) = g**3 + 5*g**2 + 4*g - 3. Let x be o(-4). Let v be x*(21/9 - 3). Suppose v*t + 32 = 4*t. List the prime factors of t.
2
Let y(k) = -k - 4. Let d(q) = q**2 + 2*q + 2. Let g be d(-2). Suppose -3*i + 50 = -5*n, -3*n - 3*i + g*i - 16 = 0. List the prime factors of y(n).
3
Suppose 23 = 5*h - 32. Let d = h + -5. List the prime factors of d.
2, 3
Let r be (-53)/(-3)*9/3. Let f = 78 - r. What are the prime factors of f?
5
Let g(a) = -2*a + 20. List the prime factors of g(0).
2, 5
Suppose 3*w - 2*w + 4*z = 249, -2*w + z + 543 = 0. List the prime factors of w.
269
Let y(z) = 2*z**2 - 2*z + 1. Let b be y(2). Suppose 4*r = b*r - 3. What are the prime factors of r?
3
Let o(g) = g + 8. Let q be o(-9). Let y be q*(-3)/(-6)*0. What are the prime factors of (-1)/((-3)/42) + y?
2, 7
Let d(t) = -t**3 - t**2 + 3*t + 2. Let i be d(-2). Let o = i + 3. List the prime factors of (0 - -2) + 0/o.
2
Let i(h) = -21*h. Let s(v) = -2*v**2 + v. Let z be s(1). What are the prime factors of i(z)?
3, 7
What are the prime factors of (-687)/(-15) - (-7)/35?
2, 23
Suppose 2*q - 12 = -2*q, f - q = 43. What are the prime factors of f?
2, 23
Suppose 0 = 4*c - 3*u - 190, 95 = 3*c - 4*u - 44. What are the prime factors of c?
7
Suppose -27 = -4*u - 5*i, 0 = -3*u - 2*u - 2*i + 21. Suppose -45 - 57 = -u*w. Let k = w - 24. What are the prime factors of k?
2, 5
Suppose -1001 = 4*s - 11*s. List the prime factors of s.
11, 13
Suppose -20 = -3*q - q. Suppose -4*r = -n - 60, q*r - 29 = 5*n + 31. Suppose 3*d = 5*b + r + 10, -2*d = -3*b - 16. What are the prime factors of d?
2
Let s(b) = -b**3 + b + 50. Let j be s(0). Suppose 2*p + 0*p - 4*o - j = 0, 2*p = -5*o + 41. Suppose -p = -2*t - 1. What are the prime factors of t?
11
Suppose 7*c - 8 = 3*c. What are the prime factors of c + 3/(-3) - -16?
17
Let a = 5 + -8. Let t = -45 + 39. Let m = a - t. List the prime factors of m.
3
Let i = 385 + -231. What are the prime factors of i?
2, 7, 11
Let u(f) = f**2 - 3*f + 5. L